b be f(-8). Suppose -3*m = b*l - 24, 3*l - 26 = -m - 3. What is the remainder when (-166)/(-10) + (-4)/(-10) is divided by l?
8
Suppose 2*c - 6*l + 2*l - 30 = 0, -5*c + 111 = 2*l. Calculate the remainder when 83 is divided by c.
20
Let v(z) = -z**3 + 2*z**2 + 4*z - 2. Let g be v(3). What is the remainder when (-50)/(-1) + 0 + g is divided by 13?
12
Let r(o) = -o. Suppose -4*b = -3*b - 15. What is the remainder when r(-6) is divided by 63/b - (-2)/(-10)?
2
Let p be 1/(-1) - (-2 - -1). Suppose p = -2*n + 2 + 30. What is the remainder when 4*2/4*23 is divided by n?
14
Suppose -5*b = -2*b. Suppose 2*o + 50 = 5*i + 4*o, 5*i + o - 50 = b. Suppose -3*n + n + 36 = 0. What is the remainder when n is divided by i?
8
Suppose 4*a + 7 - 47 = 0. Calculate the remainder when 38 is divided by a.
8
Suppose -3*t = 3*y - 216, 2*t = -6*y + y + 345. What is the remainder when y is divided by 10?
7
Let z(k) = 3*k - 5. Let p be z(4). Let c = 11 - p. What is the remainder when 15 is divided by c?
3
Suppose 0 = 4*n + n - 120. Suppose 5*y + o = -18 + 45, -3*y + 2*o = -n. Calculate the remainder when ((-15)/20)/(2/(-24)) is divided by y.
3
Let o be (-142)/(-4)*4/(-2). Let u = -36 - o. What is the remainder when u is divided by 12?
11
Let f(s) = 15*s + 1. Let h(b) = 5*b**2 - 18*b - 6. Calculate the remainder when h(5) is divided by f(1).
13
Suppose 6 - 4 = 2*a. Calculate the remainder when 4 + (-1 - a) - -17 is divided by 11.
8
Suppose 0 = 4*q + 2*z - 44, 5*q - 42 = 3*z + z. Calculate the remainder when 9 is divided by (q/8)/(2/8).
4
Suppose 20 = 10*v - 5*v. Calculate the remainder when 10 is divided by v.
2
Let b(u) = -u**3 - 20*u**2 - 2*u - 37. What is the remainder when 3 is divided by b(-20)?
0
Suppose -2*z = z - 15. Suppose o = 9 + 49. What is the remainder when o is divided by 2/5 - (-98)/z?
18
Suppose 2*y + 2*z - 4*z - 100 = 0, 4*y - 218 = -2*z. Suppose -3*u = -2*u. Suppose w - 7 - 11 = u. What is the remainder when y is divided by w?
17
Suppose 40 = 86*x - 81*x. Calculate the remainder when 28 is divided by x.
4
Let m be 182/3*6/4. Suppose 4*j = m + 93. Calculate the remainder when j is divided by 16.
14
Suppose 4*d - 29 = -2*j + 49, -3*j + 108 = -3*d. Let s = 28 + -18. Calculate the remainder when j is divided by s.
7
Calculate the remainder when 12 is divided by ((2 - -1) + -18)/(-3).
2
Let l = -38 - -44. What is the remainder when 27 is divided by l?
3
Suppose 0 = -r + 5*r - 816. Suppose -4*l = -0*l - r. Calculate the remainder when l is divided by 13.
12
Calculate the remainder when (-6)/12 + 102/4 is divided by 13.
12
Let b = -2 + 22. Let s be (3 + -1 - -1) + -1. Suppose -k + s = -5. What is the remainder when b is divided by k?
6
Let w(m) = 12*m - 159. Suppose -p + 14 = -0*p - 3*r, -4*r + 42 = p. Calculate the remainder when p is divided by w(14).
8
Let i(z) = z - 4. What is the remainder when i(9) is divided by 3?
2
Let t(l) = l**3 + 5*l**2 - 2*l + 1. Suppose f - 93 = -3*d, -93 = -4*d + d + 3*f. Calculate the remainder when d is divided by t(-5).
9
Let w = -37 - -40. Calculate the remainder when 13 is divided by w.
1
Let f(d) = -d + 11. Let g be f(7). Suppose k + 13 = 3*s, -g*s + k = 4*k. What is the remainder when s is divided by 1?
0
Calculate the remainder when 37 is divided by (15/(-2))/(6/(-8)).
7
Let u(h) = -2*h - 6. Let n be u(-4). Suppose k = -n*k + 57. What is the remainder when k is divided by 10?
9
Suppose 2*g + 5*p - 371 = 0, g - 198 = p - 6*p. What is the remainder when g is divided by 35?
33
Suppose -4*n = -3*n + 15. Let f = 1 + n. Let y = 27 + f. Calculate the remainder when 37 is divided by y.
11
Let m(j) = j**2 + 6*j + 8. Calculate the remainder when 43 is divided by m(-7).
13
Let p be -2 - ((4 - 1) + 1). Let l be 68/p + (-3)/(-9). What is the remainder when ((-21)/(-5))/(l/(-55)) is divided by 8?
5
Let c be (-1 - (-7)/5)*15. Suppose -j + 2*j = -g + c, j = 2. Suppose -4*d = -g*m - 2*d + 64, -4*d - 2 = m. What is the remainder when 27 is divided by m?
13
Let y(l) be the third derivative of l**5/60 - l**3 + 2*l**2. Suppose 5*c + 3*b - 95 = 0, -2*c - 5*b + 85 = 28. What is the remainder when y(6) is divided by c?
14
Let c = -128 + 162. Calculate the remainder when 100 is divided by c.
32
Let o(x) = -x**2 - 12*x - 10. Let i be o(-10). Let s = -6 + i. Calculate the remainder when 15 is divided by s.
3
Suppose 2*j = -j, -3*j = s - 15. What is the remainder when 15 is divided by (18/s)/((-3)/(-20))?
7
Suppose 5*z - 240 = -3*l, -3*z - z + 3*l = -219. What is the remainder when z is divided by 14?
9
Let i = -12 - -22. What is the remainder when i is divided by (2/3)/(3/18)?
2
Let z = 13 + -4. Let s(g) = g**3 - 9*g**2 + 4. What is the remainder when 13 is divided by s(z)?
1
Let v = 7 - 5. Suppose v + 6 = 2*c. Calculate the remainder when 7 is divided by c.
3
Suppose -2*u + 156 = 2*u. Let x(q) = 11*q - 2. Calculate the remainder when u is divided by x(2).
19
Let u be (6/(-6))/(1/(-6)). Let g(z) = -2*z**2 + 19*z + 8. Calculate the remainder when 48 + (-3)/(u/(-4)) is divided by g(9).
16
Let v(b) = -b**2 + 7*b - 2. Let f be v(5). Let g = -3 - -7. Calculate the remainder when (-90)/(-8) + (-2)/f is divided by g.
3
Let q be ((-18)/(-4))/((-9)/(-12)). Let c = -2 - -13. Suppose -z + q = -c. Calculate the remainder when 50 is divided by z.
16
Let v be -1 + (3 - (-2 - -2)). Suppose -3*y - 4*k - 45 = -4*y, v*k + 124 = 4*y. Calculate the remainder when y is divided by 8.
5
Let q(i) = -2*i**2 + 21*i + 5. Calculate the remainder when 27 is divided by q(10).
12
Let t = 3 + 2. Let w = -3 + 4. Calculate the remainder when -2*(14/(-4) - w) is divided by t.
4
Let d be (-148)/(-12) - 2/(-3). Let b(n) = -n**2 + 15*n - 15. What is the remainder when b(d) is divided by 7?
4
Suppose 0*z = -z - 5*s + 20, -s = -2*z + 18. Let n = 17 - z. Calculate the remainder when (46/1)/(-5 + n) is divided by 12.
11
Calculate the remainder when 31 is divided by 70/4 + (-6)/12.
14
Let n(t) = -t**2 - 7*t - 5. Let l be n(-5). Suppose l*p - 3 = 4*p. Suppose -50 = -5*a - p*r, a + 2 = 3*r - 6. What is the remainder when 26 is divided by a?
5
Suppose -4 = -2*u + u, 0 = -2*m + 2*u - 148. Let p = m - -98. What is the remainder when p is divided by 15?
13
Let k = -98 + 184. Calculate the remainder when k is divided by 13.
8
Let q(a) = -a + 1. Calculate the remainder when 75 is divided by q(-6).
5
Suppose 2*r = 5*r - 69. Calculate the remainder when r is divided by 13.
10
Let g = 257 + -139. Calculate the remainder when g is divided by 30.
28
Calculate the remainder when 90/(-1 - (-1 + -2)) is divided by 26.
19
Let p be (-9)/2*(-1136)/24. Suppose -42 - p = -5*d. Calculate the remainder when d is divided by 18.
15
Let q(a) = a - 2. Let f be q(8). Let y = f - 3. Suppose -6 = -3*z, 4*s - y*s - 20 = -5*z. What is the remainder when 38 is divided by s?
8
Let r(u) = 16*u**3 - 2*u**2 + 1. Let z be r(1). Let o = z - 29. Let x = -9 - o. What is the remainder when 9 is divided by x?
4
Suppose -7 = -3*q - 4, -8 = -j + q. Calculate the remainder when 33 is divided by j.
6
Let b = -50 - -26. Calculate the remainder when 3/(-2)*(b - -2) is divided by 12.
9
Let g(x) = x + 6. Suppose -5*o + 1 = -2*z, -o - 2*z = -5*o. What is the remainder when g(-4) is divided by o?
0
Let l = 54 + -36. Let k be ((-24)/l)/(4/6). Calculate the remainder when 15*(k - 38/(-6)) is divided by 22.
21
Let l(t) = -t**2 + 2*t + 4. Let h be l(0). Suppose -3*r - 24 = w - 5*w, 0 = h*r. Calculate the remainder when 17 is divided by w.
5
Let h(q) = 38*q**2 - 2*q + 2. Calculate the remainder when 57 is divided by h(-1).
15
Calculate the remainder when (1 + 3)*253/22 is divided by 17.
12
Let v be (-13 - (-2 + 0)) + -1. Let b = 17 + v. Calculate the remainder when 0 + 3 + -1 - -11 is divided by b.
3
Let c = 24 + 1. Suppose -4*r + 11 + 1 = 0. Suppose 81 = 4*n + 5*g, r*n - 26 - 11 = g. Calculate the remainder when c is divided by n.
11
Suppose 0 = 2*r + 8, 3*r - 45 = -3*h + 6*r. What is the remainder when 2/8 + 342/8 is divided by h?
10
Suppose -3*p = -q + 16, 5*q = -0*p - p + 16. Let n = q + 10. Calculate the remainder when -2 + 0 + 0 + 28 is divided by n.
12
Let h(d) = d**3 - 4*d**2 - 4*d - 2. Let o be h(5). Suppose -4*q - q - p = -50, -o*q - 2*p + 23 = 0. What is the remainder when 29 is divided by q?
7
Suppose 5*n = 3*c - 11, 3 = -2*c + n + 8